49179?
3, 7, 61, 5659
List the prime factors of 1296664.
2, 109, 1487
List the prime factors of 551119.
59, 9341
List the prime factors of 1170903.
3, 607, 643
What are the prime factors of 406236?
2, 3, 97, 349
List the prime factors of 673015.
5, 7, 41, 67
List the prime factors of 6017140.
2, 5, 300857
List the prime factors of 1935144.
2, 3, 17, 31
List the prime factors of 2946.
2, 3, 491
List the prime factors of 927533.
927533
List the prime factors of 5607267.
3, 89, 21001
What are the prime factors of 7607058?
2, 3, 17, 41, 107
What are the prime factors of 9795850?
2, 5, 107, 1831
List the prime factors of 624132.
2, 3, 5779
What are the prime factors of 307633?
307633
List the prime factors of 1924502.
2, 17, 23, 107
What are the prime factors of 3646118?
2, 7, 137, 1901
What are the prime factors of 11160?
2, 3, 5, 31
List the prime factors of 1335304.
2, 83, 2011
What are the prime factors of 473264?
2, 11, 2689
What are the prime factors of 408912?
2, 3, 7, 1217
What are the prime factors of 163107?
3, 7, 863
What are the prime factors of 235996?
2, 41, 1439
List the prime factors of 594432.
2, 3, 43
What are the prime factors of 5274621?
3, 11, 53279
What are the prime factors of 51614?
2, 131, 197
What are the prime factors of 7611368?
2, 31, 47, 653
What are the prime factors of 995406?
2, 3, 165901
List the prime factors of 178055.
5, 149, 239
List the prime factors of 1641748.
2, 29, 14153
List the prime factors of 896654.
2, 11, 53, 769
What are the prime factors of 62798?
2, 17, 1847
What are the prime factors of 13589028?
2, 3, 19, 19867
List the prime factors of 34389644.
2, 811, 10601
What are the prime factors of 579324?
2, 3, 23, 2099
List the prime factors of 33530802.
2, 3, 5588467
List the prime factors of 9497673.
3, 199, 5303
List the prime factors of 1411364.
2, 352841
What are the prime factors of 2178858?
2, 3, 11, 33013
List the prime factors of 813006.
2, 3, 31, 47
List the prime factors of 466.
2, 233
List the prime factors of 6339020.
2, 5, 316951
List the prime factors of 470780.
2, 5, 23539
List the prime factors of 267389.
267389
List the prime factors of 5780171.
59, 313
List the prime factors of 4074655.
5, 13, 62687
List the prime factors of 6901354.
2, 17, 202981
List the prime factors of 2938045.
5, 11, 53419
List the prime factors of 384676.
2, 17, 5657
List the prime factors of 138121.
37, 3733
List the prime factors of 866865.
3, 5, 57791
List the prime factors of 103046.
2, 67, 769
What are the prime factors of 78055?
5, 67, 233
List the prime factors of 460779.
3, 11, 13963
What are the prime factors of 533446?
2, 109, 2447
List the prime factors of 744622.
2, 372311
What are the prime factors of 881043?
3, 293681
List the prime factors of 1055207.
17, 62071
What are the prime factors of 495192?
2, 3, 47, 439
What are the prime factors of 121840?
2, 5, 1523
What are the prime factors of 2407162?
2, 1203581
List the prime factors of 274962.
2, 3, 45827
What are the prime factors of 517048?
2, 7, 1319
What are the prime factors of 698807?
157, 4451
What are the prime factors of 6258199?
41, 152639
List the prime factors of 11308203.
3, 23, 54629
What are the prime factors of 8393735?
5, 7, 23, 10427
List the prime factors of 1252014.
2, 3, 71, 2939
What are the prime factors of 107712?
2, 3, 11, 17
What are the prime factors of 695891?
7, 89, 1117
List the prime factors of 495001.
13, 29, 101
What are the prime factors of 292027?
292027
What are the prime factors of 2470402?
2, 11, 112291
What are the prime factors of 1067747?
1067747
List the prime factors of 1600934.
2, 107, 7481
What are the prime factors of 2545918?
2, 71, 17929
What are the prime factors of 2127914?
2, 23, 167, 277
What are the prime factors of 10609968?
2, 3, 47, 4703
What are the prime factors of 1003732?
2, 19, 47, 281
What are the prime factors of 4108360?
2, 5, 271, 379
List the prime factors of 5058831.
3, 241, 6997
List the prime factors of 250559.
71, 3529
What are the prime factors of 275008?
2, 4297
List the prime factors of 717997.
7, 14653
List the prime factors of 696379.
696379
What are the prime factors of 10917994?
2, 577, 9461
What are the prime factors of 1813760?
2, 5, 13, 109
What are the prime factors of 925998?
2, 3, 154333
List the prime factors of 12576295.
5, 257, 9787
List the prime factors of 1803947.
1803947
List the prime factors of 102037.
13, 47, 167
List the prime factors of 560195.
5, 181, 619
What are the prime factors of 1381017?
3, 11, 41849
What are the prime factors of 10243434?
2, 3, 617, 2767
What are the prime factors of 25603734?
2, 3, 13, 17, 19309
What are the prime factors of 2673275?
5, 11, 9721
List the prime factors of 2257389.
3, 29, 31
What are the prime factors of 9998530?
2, 5, 999853
List the prime factors of 4832576.
2, 7, 23, 67
What are the prime factors of 33839766?
2, 3, 653, 2879
What are the prime factors of 223355?
5, 11, 31, 131
What are the prime factors of 225127?
7, 29, 1109
List the prime factors of 150899.
7, 21557
What are the prime factors of 1741421?
11, 29, 53, 103
List the prime factors of 1586973.
3, 528991
List the prime factors of 33366349.
33366349
List the prime factors of 1098662.
2, 549331
List the prime factors of 3075135.
3, 5, 7, 29287
What are the prime factors of 1549466?
2, 774733
What are the prime factors of 146052?
2, 3, 4057
What are the prime factors of 1348946?
2, 37, 18229
What are the prime factors of 12402202?
2, 113, 54877
What are the prime factors of 11317923?
3, 1257547
List the prime factors of 4228486.
2, 2114243
What are the prime factors of 533044?
2, 133261
List the prime factors of 6596803.
229, 28807
What are the prime factors of 1688505?
3, 5, 7, 13, 1237
What are the prime factors of 4981500?
2, 3, 5, 41
What are the prime factors of 3057466?
2, 1528733
List the prime factors of 4280094.
2, 3, 7, 13, 67
List the prime factors of 27395654.
2, 11, 13, 95789
List the prime factors of 2625422.
2, 509, 2579
List the prime factors of 11177555.
5, 2235511
What are the prime factors of 399230?
2, 5, 13, 37, 83
What are the prime factors of 152212?
2, 38053
List the prime factors of 1719812.
2, 429953
What are the prime factors of 10505497?
31, 113, 2999
List the prime factors of 2724482.
2, 853, 1597
List the prime factors of 19412779.
19412779
What are the prime factors of 280865?
5, 13, 29, 149
List the prime factors of 1319077.
1319077
List the prime factors of 397029.
3, 89, 1487
List the prime factors of 210233.
210233
What are the prime factors of 704520?
2, 3, 5, 19, 103
What are the prime factors of 40145963?
11, 13, 53, 5297
What are the prime factors of 125724?
2, 3, 10477
What are the prime factors of 541550?
2, 5, 10831
What are the prime factors of 175693?
7, 19, 1321
List the prime factors of 1945321.
7, 277903
What are the prime factors of 9444409?
13, 101, 7193
List the prime factors of 7869467.
7869467
What are the prime factors of 11479?
13, 883
List the prime factors of 2221517.
37, 60041
List the prime factors of 7805800.
2, 5, 31, 1259
List the prime factors of 12953336.
2, 11, 147197
What are the prime factors of 11077091?
2939, 3769
What are the prime factors of 753357?
3, 11, 37, 617
List the prime factors of 265494.
2, 3, 44249
List the prime factors of 780596.
2, 19, 10271
List the prime factors of 133992.
2, 3, 1861
What are the prime factors of 2716566?
2, 3, 17, 26633
What are the prime factors of 5487287?
13, 422099
List the prime factors of 30641167.
19, 1612693
List the prime factors of 1478675.
5, 11, 19, 283
What are the prime factors of 5468?
2, 1367
What are the prime factors of 13208?
2, 13, 127
List the prime factors of 22987355.
5, 4597471
What are the prime factors of 5145316?
2, 11, 337, 347
What are the prime factors of 207163?
11, 37, 509
List the prime factors of 5499519.
3, 1833173
What are the prime factors of 501039?
3, 7, 11, 241
List the prime factors of 260195.
5, 13, 4003
What are the prime factors of 2685182?
2, 1342591
What are the prime factors of 91043?
181, 503
What are the prime factors of 3002917?
3002917
List the prime factors of 14041934.
2, 79, 88873
List the prime factors of 3702997.
37, 41, 2441
What are the prime factors of 210904?
2, 41, 643
List the prime f